NOAA-Style Climate Reports

Select a Year or Month report
2021: Jan Feb Mar Apr May Jun Jul Aug Sep Oct Nov Dec
2020: Jan Feb Mar Apr May Jun Jul Aug Sep Oct Nov Dec

Report for 2021 June
                   Monthly Climatological Summary for Jun 2021

Name: Summer St   City: Southington   State: CT
Elevation: 216 ft  Lat: N 41° 35' 57"   Lon: W 072° 53' 10"

                  Temperature (°F), Rain (in), Wind Speed (mph)

                                      Heat  Cool        Avg
    Mean                              Deg   Deg         Wind                 Dom
Day Temp  High   Time   Low    Time   Days  Days  Rain  Speed High   Time    Dir
----------------------------------------------------------------------------------
01  62.0  77.9   13:08  43.7   04:57   7.0   4.0  0.00   0.1  10.0   16:29    SW
02  67.0  85.3   11:56  51.8   05:38   3.2   5.2  0.00   0.5  11.0   14:46     S
03  63.6  69.4   17:21  56.1   02:12   2.6   1.2  0.05   0.3   8.0   15:56     S
04  71.5  80.6   15:43  63.9   01:00   0.1   6.6  0.00   0.5   7.0   00:09     S
05  78.6  93.7   12:16  61.0   05:24   0.7  14.3  0.00   0.6  18.0   16:23    SW
06  82.5  97.5   11:16  65.5   05:46   0.0  17.6  0.00   0.6  17.0   12:50    SW
07  81.4  99.5   12:03  68.2   05:24   0.0  16.4  0.00   0.7  14.0   17:21     S
08  78.9  96.8   12:50  70.9   04:16   0.0  13.9  0.08   0.3   9.0   12:56     S
09  79.3  91.8   16:46  70.5   04:53   0.0  14.3  0.05   0.5   9.0   12:33     W
10  73.0  84.4   11:43  58.6   23:51   0.5   8.5  0.00   1.0  10.0   09:02   WSW
11  67.0  81.3   12:15  52.5   05:34   3.1   5.1  0.00   0.8  10.0   15:27     S
12  64.3  72.0   17:39  58.5   23:52   2.1   1.4  0.11   0.3   8.0   18:26    SW
----------------------------------------------------------------------------------
    72.4  99.5     7    43.7     1    19.3 108.5  0.29   0.5  18.0     5     SSW

Max >=  80.0  9
Max <=  32.0  0
Min <=  32.0  0
Min <=   0.0  0
Max Rain: 0.11 on day 12
Days of Rain: 4 (>= 0.01 in)  1 (>= 0.10 in)  0 (>= 1.00 in)
Heat Base: 65.0  Cool Base: 65.0  Method: Integration