NOAA-Style Climate Reports

Select a Year or Month report
2022: Jan Feb Mar Apr May Jun Jul Aug Sep Oct Nov Dec
2021: Jan Feb Mar Apr May Jun Jul Aug Sep Oct Nov Dec
2020: Jan Feb Mar Apr May Jun Jul Aug Sep Oct Nov Dec

Report for 2021 July
                   Monthly Climatological Summary for Jul 2021

Name: Summer St   City: Southington   State: CT
Elevation: 216 ft  Lat: N 41° 35' 57"   Lon: W 072° 53' 10"

                  Temperature (°F), Rain (in), Wind Speed (mph)

                                      Heat  Cool        Avg
    Mean                              Deg   Deg         Wind                 Dom
Day Temp  High   Time   Low    Time   Days  Days  Rain  Speed High   Time    Dir
----------------------------------------------------------------------------------
01  75.1  86.5   09:52  68.4   22:46   0.0  10.1  0.55   0.2   6.0   09:59   WSW
02  66.5  74.5   11:11  57.6   23:32   1.4   3.0  1.09   0.5  11.0   14:50   WNW
03  59.1  61.5   13:51  57.0   00:46   5.9   0.0  0.57   0.9   9.0   01:57   WNW
04  63.9  74.3   15:37  56.3   04:41   3.3   2.2  0.10   0.1   4.0   12:22    SW
05  67.1  77.7   15:33  58.5   03:28   1.7   3.8  0.00   0.4   8.0   16:28     S
06  75.5  92.3   12:15  65.7   01:13   0.0  10.5  0.35   0.6  23.0   17:08    SW
07  79.5  95.5   12:26  67.1   04:01   0.0  14.5  0.00   0.6  13.0   18:18   WSW
08  69.5  75.4   10:00  66.7   17:49   0.0   4.5  1.19   0.5   9.0   02:07   WNW
09  72.3  82.2   16:21  67.1   05:24   0.0   7.3  2.02   0.9  18.0   11:23     W
10  72.4  79.7   16:06  67.1   04:40   0.0   7.4  0.00   0.9  10.0   07:48   WNW
11  72.4  80.6   12:29  67.6   05:17   0.0   7.4  0.00   0.6  10.0   15:50     S
12  68.8  73.2   15:49  64.4   06:09   0.0   3.8  0.07   1.0  11.0   08:43   WNW
13  68.9  72.1   14:52  65.8   05:40   0.0   3.9  0.02   0.2   4.0   05:14     W
14  75.6  86.2   15:41  68.2   04:43   0.0  10.6  0.06   0.4   8.0   16:06     S
15  79.0  93.4   12:17  66.4   05:30   0.0  14.0  0.00   0.4   7.0   17:49   SSW
16  80.4  97.5   12:11  69.8   05:32   0.0  15.4  0.31   0.6  21.0   17:32    SW
17  78.7  92.1   12:41  71.2   05:25   0.0  13.7  0.20   0.6  13.0   16:07   WNW
18  76.2  84.2   15:43  69.3   04:50   0.0  11.2  0.46   0.3  11.0   17:26   SSW
19  72.3  78.4   11:55  67.8   23:32   0.0   7.3  0.09   0.2   8.0   10:29     W
20  75.9  87.1   12:55  64.2   05:31   0.0  11.0  0.00   0.2   7.0   10:32   WSW
21  74.1  83.7   12:43  63.5   05:49   0.1   9.2  0.00   0.7  10.0   16:38     W
22  72.5  86.5   12:20  59.4   05:32   0.7   8.2  0.00   0.7  10.0   09:44     W
23  71.4  86.2   12:07  58.1   05:50   1.3   7.8  0.00   0.6   9.0   10:31   WNW
24  72.0  86.7   12:36  57.6   05:14   1.6   8.5  0.00   0.5   8.0   16:12   SSW
25  71.1  78.8   18:16  66.0   08:04   0.0   6.1  0.06   0.4   9.0   09:06     S
26  77.9  93.7   12:07  65.5   05:53   0.0  12.9  0.00   0.4   9.0   12:29     W
27  76.2  94.6   12:12  61.2   05:44   0.4  11.7  0.14   0.2  13.0   19:29    SW
28  72.3  82.0   12:04  65.8   06:12   0.0   7.3  0.00   0.6  11.0   10:57    NW
29  70.6  77.2   08:50  64.2   04:38   0.0   5.6  0.14   1.1  16.0   18:55     S
30  73.5  86.2   11:25  63.5   23:58   0.0   8.5  0.00   1.4  16.0   16:40     W
31  66.0  78.8   12:14  51.4   05:29   3.3   4.3  0.00   0.7  11.0   09:50     W
----------------------------------------------------------------------------------
    72.5  97.5    16    51.4    31    19.7 251.7  7.42   0.6  23.0     6     WSW

Max >=  80.0 19
Max <=  32.0  0
Min <=  32.0  0
Min <=   0.0  0
Max Rain: 2.02 on day 9
Days of Rain: 17 (>= 0.01 in)  12 (>= 0.10 in)  3 (>= 1.00 in)
Heat Base: 65.0  Cool Base: 65.0  Method: Integration