NOAA-Style Climate Reports

Select a Year or Month report
2022: Jan Feb Mar Apr May Jun Jul Aug Sep Oct Nov Dec
2021: Jan Feb Mar Apr May Jun Jul Aug Sep Oct Nov Dec
2020: Jan Feb Mar Apr May Jun Jul Aug Sep Oct Nov Dec

Report for 2021 March
                   Monthly Climatological Summary for Mar 2021

Name: Summer St   City: Southington   State: CT
Elevation: 216 ft  Lat: N 41° 35' 57"   Lon: W 072° 53' 10"

                  Temperature (°F), Rain (in), Wind Speed (mph)

                                      Heat  Cool        Avg
    Mean                              Deg   Deg         Wind                 Dom
Day Temp  High   Time   Low    Time   Days  Days  Rain  Speed High   Time    Dir
----------------------------------------------------------------------------------
01  37.6  46.2   14:12  26.6   23:57  27.4   0.0  0.16   1.5  26.0   21:47     W
02  24.5  32.5   11:20  16.0   06:44  40.5   0.0  0.00   3.9  29.0   02:56     W
03  36.2  55.9   11:46  23.4   00:00  28.8   0.0  0.00   0.8  10.0   10:50   WSW
04  32.9  47.5   10:55  24.8   23:34  31.6   0.0  0.00   2.8  25.0   20:00     W
05  30.1  39.2   11:47  22.1   06:28  34.9   0.0  0.00   2.9  23.0   14:25     W
06  28.9  38.1   11:44  25.0   06:32  36.1   0.0  0.00   2.0  21.0   14:24     W
07  30.9  43.2   12:02  19.9   06:32  34.0   0.0  0.00   1.5  17.0   12:45     W
08  31.9  45.1   11:55  19.9   05:58  33.1   0.0  0.00   1.3  13.0   14:16     W
09  46.5  66.4   10:59  32.5   23:19  18.5   0.0  0.00   1.5  15.0   13:18     W
10  40.7  60.4   11:52  25.2   05:18  19.9   0.0  0.00   0.9  10.0   13:33   SSE
11  51.3  69.1   13:46  32.4   01:50  14.2   0.5  0.00   1.0  13.0   14:53     S
12  57.6  69.4   10:54  46.6   23:58   7.7   0.3  0.00   2.3  25.0   23:59   WSW
13  39.4  49.3   11:02  29.3   23:52  25.6   0.0  0.00   2.9  32.0   02:54     W
14  36.4  53.6   12:22  26.1   23:59  27.4   0.0  0.02   3.0  27.0   16:26     W
15  26.3  34.9   12:08  17.6   07:04  38.7   0.0  0.00   3.8  29.0   00:37     W
16  28.7  36.9   12:14  18.3   06:59  36.3   0.0  0.00   0.7   8.0   09:49   SSE
17  37.6  48.2   15:56  28.4   00:00  27.4   0.0  0.05   0.4   8.0   15:12   SSW
18  42.0  45.7   11:04  36.7   00:00  23.0   0.0  0.93   0.9  24.0   23:19     W
19  37.5  46.8   12:57  26.1   23:59  27.5   0.0  0.01   3.2  24.0   07:28     W
20  41.4  63.1   12:39  21.7   06:29  23.5   0.0  0.00   0.8  13.0   14:16     W
21  45.9  68.4   12:39  26.2   05:48  19.2   0.1  0.00   0.7  11.0   17:03   SSE
22  45.8  67.3   11:55  26.8   06:33  19.3   0.1  0.00   0.7  11.0   16:48    SE
23  49.1  70.5   12:35  28.8   06:18  16.4   0.5  0.00   0.8  11.0   15:46    SE
24  49.7  66.7   13:29  35.1   06:55  15.3   0.0  0.15   0.7  15.0   13:32   ESE
25  59.4  73.2   15:22  51.4   06:44   7.1   1.5  0.42   1.0  11.0   16:17     S
26  59.1  76.5   17:15  51.1   03:52   7.0   1.1  0.16   2.2  30.0   17:30    SW
27  56.8  69.3   12:35  42.1   06:55   8.6   0.3  0.00   1.2  18.0   12:43     W
28  50.3  56.8   21:04  41.0   05:04  14.7   0.0  0.86   0.6  14.0   23:15     S
29  47.1  57.0   11:44  33.8   23:57  17.9   0.0  0.00   3.4  25.0   10:05     W
30  44.9  61.2   12:34  27.1   06:41  20.1   0.0  0.00   1.4  18.0   18:49   SSE
31  52.6  64.4   12:37  39.9   02:05  12.4   0.0  0.26   1.2  15.0   11:19     S
----------------------------------------------------------------------------------
    41.9  76.5    26    16.0     2   714.1   4.4  3.02   1.7  32.0    13     WSW

Max >=  80.0  0
Max <=  32.0  0
Min <=  32.0 20
Min <=   0.0  0
Max Rain: 0.93 on day 18
Days of Rain: 10 (>= 0.01 in)  7 (>= 0.10 in)  0 (>= 1.00 in)
Heat Base: 65.0  Cool Base: 65.0  Method: Integration