NOAA-Style Climate Reports

Select a Year or Month report
2021: Jan Feb Mar Apr May Jun Jul Aug Sep Oct Nov Dec
2020: Jan Feb Mar Apr May Jun Jul Aug Sep Oct Nov Dec

Report for 2021 February
                   Monthly Climatological Summary for Feb 2021

Name: Summer St   City: Southington   State: CT
Elevation: 216 ft  Lat: N 41° 35' 57"   Lon: W 072° 53' 10"

                  Temperature (°F), Rain (in), Wind Speed (mph)

                                      Heat  Cool        Avg
    Mean                              Deg   Deg         Wind                 Dom
Day Temp  High   Time   Low    Time   Days  Days  Rain  Speed High   Time    Dir
----------------------------------------------------------------------------------
01  23.9  30.6   23:38  19.0   02:53  41.1   0.0  0.00   2.8  27.3   18:22   WNW
02  32.3  34.5   14:06  28.9   23:58  32.7   0.0  0.00   2.8  25.1   09:19   WNW
03  31.6  40.3   10:53  27.9   02:47  33.4   0.0  0.00   1.8  14.8   13:44   WNW
04  32.4  48.7   11:36  20.3   23:48  32.6   0.0  0.01   1.0  13.6   10:53   WNW
05  30.6  42.6   15:22  19.9   00:29  34.4   0.0  0.01   0.3  13.6   10:25   SSW
06  33.4  51.8   11:36  18.7   07:14  31.6   0.0  0.00   1.2  25.1   11:52    SW
07  26.6  30.4   20:20  22.8   04:09  38.4   0.0  0.00   0.6  11.4   21:09   WNW
08  22.5  40.1   11:48  11.8   07:19  42.5   0.0  0.09   0.4  11.4   11:35     W
09  21.3  27.3   10:51  13.5   00:00  43.7   0.0  0.00   0.4   9.2   16:49   WNW
10  22.8  41.0   12:10   6.3   06:08  42.2   0.0  0.07   0.4  10.3   12:53     W
11  26.5  40.6   11:55  20.7   05:18  38.5   0.0  0.00   1.0  15.9   15:19   WNW
12  24.2  38.3   12:09   8.4   07:00  40.8   0.0  0.01   0.3  10.3   09:04    NW
13  25.4  30.2   12:23  18.3   07:11  39.5   0.0  0.00   0.8  11.4   08:12    NW
14  31.8  39.7   14:25  25.9   02:00  33.2   0.0  0.00   0.6   8.1   09:07    NW
15  31.2  34.2   13:13  30.2   18:41  33.8   0.0  0.01   0.7  10.3   09:20   WNW
16  37.3  48.4   15:19  30.6   00:00  27.7   0.0  0.17   0.8  17.2   18:32   WSW
17  28.1  39.6   11:29  22.3   06:45  36.9   0.0  0.00   1.8  15.9   10:05   WNW
18  25.1  30.9   08:43  21.2   05:33  39.9   0.0  0.01   0.7  10.3   19:58    NW
19  28.3  32.7   13:14  24.6   00:03  36.7   0.0  0.00   1.2  12.5   11:21   WNW
20  31.3  45.5   11:56  23.9   06:54  33.7   0.0  0.00   2.1  19.5   11:18   WNW
21  26.7  43.3   11:59  14.5   06:26  38.3   0.0  0.02   1.1  13.6   11:46     W
22  29.8  40.1   12:06  14.9   00:29  35.2   0.0  0.45   0.7  13.6   11:48   SSW
23  37.6  49.8   11:35  29.1   06:45  27.4   0.0  0.02   0.6  10.3   11:26    SW
24  43.1  58.1   11:45  28.8   06:56  21.9   0.0  0.00   1.4  19.5   16:16   SSW
25  42.5  53.1   11:47  27.3   23:55  22.5   0.0  0.00   2.3  17.2   05:15     W
26  34.0  52.9   11:47  19.4   06:20  31.0   0.0  0.00   0.6  10.0   10:26    SW
27  36.4  47.8   16:53  26.6   01:15  28.6   0.0  0.30   0.1   6.0   17:49    SW
28  37.0  44.1   13:30  29.8   05:41  28.0   0.0  0.07   0.2   6.0   17:41     S
----------------------------------------------------------------------------------
    30.5  58.1    24     6.3    10   966.2   0.0  1.24   1.0  27.3     1       W

Max >=  80.0  0
Max <=  32.0  5
Min <=  32.0 28
Min <=   0.0  0
Max Rain: 0.45 on day 22
Days of Rain: 13 (>= 0.01 in)  3 (>= 0.10 in)  0 (>= 1.00 in)
Heat Base: 65.0  Cool Base: 65.0  Method: Integration