NOAA-Style Climate Reports

Select a Year or Month report
2021: Jan Feb Mar Apr May Jun Jul Aug Sep Oct Nov Dec
2020: Jan Feb Mar Apr May Jun Jul Aug Sep Oct Nov Dec

Report for 2020 December
                   Monthly Climatological Summary for Dec 2020

Name: Summer St   City: Southington   State: CT
Elevation: 216 ft  Lat: N 41° 35' 57"   Lon: W 072° 53' 10"

                  Temperature (°F), Rain (in), Wind Speed (mph)

                                      Heat  Cool        Avg
    Mean                              Deg   Deg         Wind                 Dom
Day Temp  High   Time   Low    Time   Days  Days  Rain  Speed High   Time    Dir
----------------------------------------------------------------------------------
01  52.3  60.1   00:00  36.9   23:53  12.7   0.0  0.00   2.0  20.6   15:02   SSW
02  37.3  43.9   11:06  31.5   06:25  27.7   0.0  0.00   0.7  12.5   14:08    SW
03  39.3  50.4   13:08  28.2   02:45  25.7   0.0  0.00   0.4   8.1   13:20    SW
04  46.0  56.8   13:22  36.9   06:04  19.0   0.0  0.27   0.6  10.3   12:16   SSW
05  39.1  44.4   00:01  33.4   10:45  25.9   0.0  1.88   2.4  22.8   18:53   WNW
06  34.0  39.6   13:59  29.8   22:05  31.0   0.0  0.00   2.3  17.2   01:13     W
07  31.3  41.2   12:54  23.2   06:43  33.5   0.0  0.00   0.3  12.5   21:56   WNW
08  29.1  31.8   12:32  23.7   23:58  35.9   0.0  0.00   1.8  14.8   03:11   WNW
09  31.1  39.2   12:12  21.0   02:36  33.9   0.0  0.00   0.2   9.2   14:07    SW
10  38.4  48.2   12:09  28.0   23:46  26.6   0.0  0.00   0.9  14.8   11:49     W
11  37.2  52.7   12:51  23.9   06:34  27.8   0.0  0.00   0.5  15.9   13:19   SSW
12  38.0  41.4   20:49  32.4   05:38  27.0   0.0  0.22   0.0   4.5   11:17   WNW
13  47.2  60.8   13:24  35.6   23:55  17.8   0.0  0.00   0.4  11.4   11:57   WSW
14  34.5  37.0   11:23  30.0   21:26  30.5   0.0  0.10   0.0   8.1   07:46     W
15  32.3  36.9   12:39  24.6   23:49  32.7   0.0  0.00   1.3  15.9   09:42   WNW
16  23.6  25.7   18:15  20.7   06:38  41.4   0.0  0.00   0.8  14.8   22:58    NW
17  24.9  30.2   14:51  19.9   06:29  40.1   0.0  0.01   3.4  27.3   12:55   WNW
18  24.8  32.2   13:19  13.8   23:59  40.2   0.0  0.00   0.6  10.3   01:15   WNW
19  19.5  31.5   14:18   7.5   06:24  45.5   0.0  0.00   0.0   3.4   11:09   ENE
20  27.8  32.5   12:43  22.1   05:47  37.2   0.0  0.00   0.0   0.0   00:00     N
21  33.2  40.1   14:13  30.6   20:13  31.8   0.0  0.01   0.0   0.0   00:00     N
22  35.5  44.8   12:24  26.1   06:50  29.4   0.0  0.01   0.8  17.2   15:08     W
23  33.0  41.7   13:23  25.5   06:21  32.0   0.0  0.00   0.1   9.2   01:24   WNW
24  42.9  57.6   23:34  26.8   00:02  22.1   0.0  0.09   1.1  20.6   21:45   SSE
25  51.5  60.6   04:10  33.4   23:53  13.5   0.0  2.56   2.8  26.2   01:51   SSE
26  29.3  33.8   13:05  24.8   23:37  35.5   0.0  0.00   1.6  15.9   08:55    SW
27  28.8  40.8   13:33  21.2   05:32  36.2   0.0  0.00   0.1   8.1   13:01    SW
28  34.5  50.2   13:28  24.4   00:00  30.5   0.0  0.00   0.3  12.5   23:27   SSW
29  32.4  39.9   00:02  23.2   23:30  32.6   0.0  0.00   1.5  19.5   13:50     W
30  30.9  39.4   23:19  21.7   06:48  33.9   0.0  0.00   0.6  13.6   12:31   SSW
31  39.5  43.0   11:08  30.2   23:58  25.5   0.0  0.30   0.6  11.4   13:41     W
----------------------------------------------------------------------------------
    34.8  60.8    13     7.5    19   935.1   0.0  5.45   0.9  27.3    17     WSW

Max >=  80.0  0
Max <=  32.0  4
Min <=  32.0 25
Min <=   0.0  0
Max Rain: 2.56 on day 25
Days of Rain: 10 (>= 0.01 in)  6 (>= 0.10 in)  2 (>= 1.00 in)
Heat Base: 65.0  Cool Base: 65.0  Method: Integration