NOAA-Style Climate Reports

Select a Year or Month report
2021: Jan Feb Mar Apr May Jun Jul Aug Sep Oct Nov Dec
2020: Jan Feb Mar Apr May Jun Jul Aug Sep Oct Nov Dec

Report for 2020 July
                   Monthly Climatological Summary for Jul 2020

Name: Summer St   City: Southington   State: CT
Elevation: 216 ft  Lat: N 41° 35' 57"   Lon: W 072° 53' 10"

                  Temperature (°F), Rain (in), Wind Speed (mph)

                                      Heat  Cool        Avg
    Mean                              Deg   Deg         Wind                 Dom
Day Temp  High   Time   Low    Time   Days  Days  Rain  Speed High   Time    Dir
----------------------------------------------------------------------------------
11  76.7  81.0   18:48  73.9   22:58   0.0  12.6  0.05   0.2   6.9   19:39     S
12  81.1  91.0   12:34  69.3   05:53   0.0  62.8  0.00   0.2  12.5   14:50   WSW
13  81.6  92.1   13:17  72.3   05:53   0.0  63.3  0.00   0.2  10.3   13:42   WSW
14  78.2  87.8   14:24  70.0   04:01   0.0  59.9  0.00   0.6  12.5   12:31     W
15  73.7  82.0   16:35  67.3   05:39   0.0  55.4  0.00   0.1   5.8   08:51    SW
16  73.7  84.6   12:26  66.7   23:57   0.0  55.4  0.00   0.3  11.4   13:03     S
17  70.4  79.2   18:07  64.6   07:01   0.0  52.1  0.07   0.0   5.8   10:15   SSE
18  81.5  94.8   13:01  69.1   06:39   0.0  63.2  0.00   0.1   9.2   14:18     W
19  84.8  99.3   13:35  69.8   05:42   0.0  66.3  0.00   0.3  11.4   12:26     S
20  84.8  97.5   13:27  76.1   05:33   0.0  66.5  0.02   0.2  11.4   12:55   WSW
21  83.0  95.2   14:12  69.1   05:51   0.0  64.7  0.00   0.2  11.4   12:33     W
22  80.5  93.0   14:20  73.0   06:20   0.0  62.2  0.04   0.1   9.2   18:43     S
23  80.9  91.0   15:59  72.5   05:47   0.0  62.6  0.03   0.1  10.3   14:50   SSW
24  77.7  87.4   15:12  71.1   03:04   0.0  59.2  0.00   0.1   9.2   08:43   WNW
25  81.5  95.4   13:43  66.4   05:57   0.0  63.3  0.00   0.2   9.2   12:21   WSW
26  84.8  96.8   13:24  72.7   05:45   0.0  66.5  0.00   0.4  13.6   14:18   WSW
27  85.6  98.4   13:23  70.9   05:36   0.0  61.1  0.00   0.4  12.5   12:15   WSW
28  86.2  99.9   13:28  76.5   23:56   0.0  21.2  0.01   0.3  11.4   11:29     W
29  81.4  95.2   12:21  66.9   06:08   0.0  16.4  0.00   0.3  11.4   16:39     S
30  82.6  93.0   14:08  73.8   06:23   0.0  17.6  0.02   0.2  13.6   14:21   WSW
31  77.7  87.1   17:31  70.2   06:21   0.0  12.7  0.04   0.1   5.8   12:47     S
----------------------------------------------------------------------------------
    80.4  99.9    28    64.6    17     0.01065.0  0.28   0.2  13.6    26      SW

Max >=  80.0 20
Max <=  32.0  0
Min <=  32.0  0
Min <=   0.0  0
Max Rain: 0.07 on day 17
Days of Rain: 8 (>= 0.01 in)  0 (>= 0.10 in)  0 (>= 1.00 in)
Heat Base: 65.0  Cool Base: 65.0  Method: Integration